 greatest common divisor of 1628 and 9581.
11
What is the greatest common divisor of 968 and 2816?
88
Calculate the greatest common factor of 586 and 362734.
586
What is the greatest common factor of 591141 and 1038?
519
Calculate the highest common divisor of 416 and 10244.
52
Calculate the greatest common divisor of 252804 and 30.
6
Calculate the highest common divisor of 25440 and 2145.
15
What is the highest common divisor of 414834 and 189074?
2822
What is the highest common factor of 22650 and 400?
50
Calculate the highest common divisor of 367575 and 450.
75
What is the highest common factor of 71271 and 9?
9
Calculate the highest common factor of 382183 and 1007.
53
Calculate the greatest common factor of 2123815 and 145.
145
What is the highest common factor of 5892046 and 6728?
1682
Calculate the highest common factor of 97344 and 390.
78
Calculate the highest common factor of 3939 and 1859.
13
Calculate the highest common factor of 8381 and 4046.
289
What is the greatest common factor of 174 and 13224?
174
Calculate the highest common divisor of 55283 and 1475.
59
What is the greatest common divisor of 35 and 18809?
7
What is the highest common factor of 912100 and 50?
50
Calculate the highest common factor of 69 and 215466.
3
What is the greatest common factor of 149 and 108025?
149
What is the highest common divisor of 39065 and 130?
65
What is the greatest common divisor of 114 and 261117?
57
What is the greatest common factor of 765 and 9792?
153
Calculate the greatest common divisor of 74294 and 65084.
614
Calculate the greatest common factor of 292 and 43654.
146
What is the highest common factor of 2875 and 2990?
115
What is the highest common factor of 212 and 2809?
53
What is the highest common factor of 3702 and 36?
6
Calculate the highest common factor of 28851 and 18745.
163
What is the highest common divisor of 30 and 1560?
30
What is the highest common factor of 9212 and 4018?
98
Calculate the greatest common divisor of 198 and 7678.
22
What is the greatest common factor of 21696 and 49344?
192
What is the highest common factor of 4085 and 810?
5
What is the highest common factor of 12212 and 4300?
172
What is the highest common factor of 450 and 1837575?
225
Calculate the highest common factor of 37067 and 3303.
367
What is the greatest common factor of 94758 and 102?
102
Calculate the greatest common divisor of 1026 and 1216.
38
What is the greatest common divisor of 1046948 and 252?
28
Calculate the greatest common divisor of 21520 and 1360.
80
What is the greatest common divisor of 7396 and 4128?
172
What is the greatest common divisor of 830 and 16102?
166
Calculate the highest common divisor of 63 and 5877.
9
What is the greatest common factor of 1980 and 29832?
132
Calculate the highest common divisor of 789030 and 66.
66
What is the greatest common factor of 445 and 23407?
89
Calculate the highest common factor of 17969 and 9826.
17
Calculate the greatest common factor of 1051299 and 54.
27
Calculate the highest common divisor of 113220 and 714.
102
What is the greatest common divisor of 758 and 400?
2
Calculate the greatest common divisor of 90 and 3750.
30
What is the highest common factor of 2080 and 1060384?
416
What is the highest common factor of 4608 and 204032?
256
What is the greatest common divisor of 267023 and 257?
257
What is the greatest common divisor of 132 and 34188?
132
Calculate the greatest common factor of 755446 and 102.
34
What is the highest common factor of 174173 and 5874?
89
Calculate the greatest common divisor of 120 and 24612360.
120
What is the greatest common divisor of 318585 and 402?
201
Calculate the highest common divisor of 364 and 266.
14
Calculate the highest common divisor of 980 and 2012.
4
Calculate the greatest common factor of 84502 and 24794.
506
Calculate the highest common factor of 51760 and 16.
16
Calculate the greatest common divisor of 3 and 13382.
1
What is the highest common factor of 5375153 and 343?
343
Calculate the greatest common factor of 136 and 148376.
136
Calculate the highest common factor of 936 and 9248.
8
What is the greatest common factor of 2 and 14842?
2
Calculate the highest common divisor of 74 and 153661.
37
Calculate the highest common divisor of 8 and 90568.
8
Calculate the greatest common factor of 3296 and 205176.
824
What is the greatest common factor of 980 and 1084370?
490
Calculate the greatest common divisor of 2979 and 19529.
331
Calculate the greatest common factor of 133719 and 318.
159
What is the highest common factor of 183744 and 33?
33
What is the greatest common divisor of 246625 and 2125?
125
Calculate the greatest common divisor of 39809 and 44891.
847
What is the highest common divisor of 432 and 3624?
24
Calculate the greatest common factor of 27 and 395.
1
Calculate the highest common divisor of 2080 and 45040.
80
Calculate the greatest common divisor of 12815 and 17708.
233
What is the highest common divisor of 12 and 118644?
12
What is the greatest common factor of 247705 and 535?
535
What is the highest common divisor of 195772 and 204?
68
Calculate the highest common divisor of 23 and 3424171.
23
What is the highest common divisor of 62491 and 16744?
299
Calculate the greatest common factor of 630 and 585270.
630
What is the greatest common factor of 12 and 19928?
4
What is the highest common factor of 456 and 26467?
19
Calculate the greatest common factor of 3 and 25923.
3
What is the highest common factor of 6 and 73582?
2
What is the greatest common divisor of 126 and 103698?
126
Calculate the highest common divisor of 234 and 61470.
18
Calculate the highest common divisor of 34829 and 70859.
1201
Calculate the highest common divisor of 6280 and 27004.
628
What is the highest common divisor of 840 and 198555?
105
What is the highest common factor of 42 and 22820?
14
What is the highest common factor of 563766 and 154?
14
Calculate the highest common factor of 2326936 and 4.
4
Calculate the greatest common factor of 397106 and 4.
2
What is the greatest common factor of 440755 and 420?
35
Calculate the highest common factor of 1157 and 247.
13
Calculate the greatest common factor of 5494 and 61238.
134
What is the highest common factor of 349033 and 123?
41
What is the highest common divisor of 68 and 73729?
17
What is the greatest common factor of 40 and 64860?
20
Calculate the greatest common factor of 1888 and 832.
32
Calculate the greatest common factor of 908 and 6448.
4
What is the highest common divisor of 88646 and 76082?
698
What is the highest common factor of 504 and 33180?
84
What is the highest common divisor of 6681 and 9?
3
What is the greatest common factor of 12 and 20676?
12
Calculate the greatest common factor of 45 and 274565.
5
What is the greatest common factor of 3856 and 120500?
964
Calculate the greatest common factor of 201 and 1186704.
201
Calculate the greatest common factor of 1291948 and 28.
28
What is the highest common factor of 407200 and 1?
1
Calculate the greatest common divisor of 860 and 20399200.
860
Calculate the highest common divisor of 13 and 601393.
13
What is the greatest common factor of 20080 and 605?
5
What is the highest common factor of 23 and 25047?
23
Calculate the highest common divisor of 24 and 17826.
6
Calculate the greatest common divisor of 2033476 and 62.
62
Calculate the highest common factor of 76 and 30761.
19
What is the greatest common factor of 276 and 3084?
12
Calculate the highest common divisor of 21532 and 314521.
769
What is the greatest common factor of 9314 and 14?
2
What is the greatest common factor of 36 and 65934?
18
What is the greatest common factor of 39464 and 24?
8
Calculate the highest common divisor of 24800 and 2950.
50
What is the highest common factor of 25372 and 12?
4
What is the highest common divisor of 4983 and 19479?
453
Calculate the highest common factor of 35 and 1296757.
7
Calculate the highest common divisor of 336 and 93576.
168
What is the greatest common factor of 11328 and 295?
59
Calculate the greatest common factor of 19830 and 10410.
30
Calculate the highest common factor of 6785 and 46020.
295
What is the greatest common factor of 14190 and 11330?
110
What is the highest common divisor of 8142 and 4278?
13